- 332. Calculate the highest common divisor of 3 and a.
3
Let z(f) = -3*f**3 - 20*f**2 + 11*f - 15. Let j be z(-8). What is the greatest common divisor of 85 and j?
17
Suppose f - 38 = -3*s, s + 69 = f + f. Let d = f + -32. Let j(z) = 3*z + 3. Let w be j(7). What is the highest common factor of d and w?
3
Let h = -575 - -872. Suppose 0 = 5*y - f - h, 3*y - 7*y + 252 = 4*f. Calculate the greatest common factor of y and 100.
20
Let j be 8/28 - (-5288)/14. Suppose j = 5*z - 3*z. Calculate the greatest common divisor of 21 and z.
21
Let l = -52 - -66. Suppose 0 = -2*a + l + 2. Calculate the greatest common divisor of a and 48.
8
Let t(r) = r**2 - 5*r - 2. Let j be t(6). Suppose 0 = -5*k + j*k + 8. Calculate the highest common divisor of 64 and k.
8
Let q(w) = 15*w**2. Let z(u) = u**2 + 4*u - 31. Let r be z(-8). Let m be q(r). Calculate the highest common factor of 3 and m.
3
Let p(o) = o**3 + 5*o**2 + 3. Let n be p(-3). Let f(x) = x + 5 + 0*x - 5 + 17. Let h be f(-10). Calculate the highest common divisor of n and h.
7
Suppose -2*n + 49 = 3. Calculate the highest common factor of n and 69.
23
Let b = 6 + 5. Let n(o) = o**3 + 4*o**2 - 11*o + 8. Let s be n(-6). Suppose -11*q + s = -9*q. What is the highest common divisor of q and b?
1
Suppose -o - 2*t = -49 + 17, 5*o - 160 = 2*t. Let f = -17 + o. What is the highest common factor of 6 and f?
3
Let k(w) = -w**3 + 22*w**2 - 29*w - 28. Let u be k(19). What is the highest common factor of u and 21?
21
Let i = 31 + -25. Suppose -i*w + 9*w = 15. Let g be -6*((-17)/2 + 1). Calculate the highest common divisor of g and w.
5
Suppose -3*j - 10 - 5 = 0. Let a(g) = 2*g + 15. Let o be a(j). Calculate the highest common factor of o and 5.
5
Suppose -3*v - o = -3, 4*v - 2*o - 18 = -4. Let y be (-30)/24*(-3268)/190 - (-2)/4. What is the highest common divisor of v and y?
2
Suppose 0 = -3*q + 10 + 14. Suppose -16*c + q = -15*c. Calculate the highest common factor of c and 8.
8
Suppose -4*h - 5*d = 3, -4*h = -3*d - 0*d - 21. Let l be 0 + h + (-14)/((-1)/1). What is the greatest common factor of l and 34?
17
Suppose o - 2 = -4. Let v = 6 - o. Suppose -x + 128 = 3*x. Calculate the highest common divisor of v and x.
8
Let o be (-324954)/(-546) - (-6)/(-39). What is the highest common factor of o and 105?
35
Let u be -6 + 239 - (-1 - -3)/1. What is the greatest common divisor of u and 33?
33
Suppose 0 = -2*i - 3*i + 10. Let c be 3 + -14*(-1)/i. Let o be (-120)/(-14)*7/2. Calculate the greatest common divisor of o and c.
10
Let d = 878 + -864. What is the highest common divisor of 266 and d?
14
Let d be ((-2)/(-4))/((-2)/4). Let h be (d - (-4 + 7))/((-1)/14). What is the highest common factor of h and 84?
28
Let v = 60 - 57. Suppose -3*j = -4*f - 231, -j + 77 = -f - v*f. Calculate the greatest common factor of j and 11.
11
Let x(v) = 2*v**3 - 13*v**2 + 6*v - 2. Let q be x(6). Let o(p) = -9*p - 8. Let n be o(q). Calculate the greatest common factor of n and 50.
10
Suppose 2*m - 22 = -2*v, 3*m - 2*v = v + 57. Let t(o) = 2*o**2 + 14*o - 31. Let j be t(-9). What is the greatest common divisor of j and m?
5
Let l = -137 - -217. What is the highest common factor of 28 and l?
4
Suppose -2*y - y + 167 = -5*x, -3*x = 5*y - 233. Calculate the greatest common factor of y and 1813.
49
Let v = 1363 - 1342. What is the greatest common factor of v and 1596?
21
Suppose 14 + 14 = 4*l. Let t be (-22)/(-12) - l/(-42). Calculate the greatest common factor of t and 18.
2
Suppose 764 = 3*i - 4*s, 228 = -2*i + 4*s + 744. Calculate the greatest common divisor of i and 8.
8
Let l(k) = 33*k**2 - 6*k - 5. Let r be l(6). Suppose -r = -4*g - 3. Calculate the highest common divisor of 26 and g.
26
Suppose 0 = -t - 6. Let l(v) = -v + 5. Let x be l(t). Suppose m + 44 = 2*m. What is the greatest common factor of m and x?
11
Suppose -4 = -6*m + 3*m + 5*f, 0 = 3*f - 3. Let c = 7 - m. Suppose 105 = c*b + b. What is the highest common divisor of b and 42?
21
Suppose -2*d + 0 - 4 = -5*h, 5*d - 13 = h. Suppose -d*r + 2*y = -199 - 59, -3*r = 3*y - 273. What is the greatest common divisor of r and 22?
22
Let w = -621 + 745. Calculate the greatest common factor of w and 8.
4
Let q(c) = -22*c + 596. Let o be q(15). What is the highest common factor of 42 and o?
14
Suppose 7*c - 448 - 322 = 0. Suppose 0 = -6*d + 4*d - c. Let q be (-264)/d*100/6. What is the greatest common factor of 10 and q?
10
Let d(v) = -51*v + 508. Let t be d(-34). Calculate the highest common divisor of t and 59.
59
Let g(o) = -2*o**2 - 15*o - 13. Let t be g(-5). Suppose i = -t + 25. What is the highest common factor of 39 and i?
13
Let k = 361 + -208. Calculate the highest common divisor of k and 34.
17
Let q(j) = 19*j**2 - 1 + j + j**3 + 0*j**3 - 16*j**2. Let x be q(-1). Suppose s - 4*s = x, -2*l = 2*s - 4. Calculate the greatest common factor of 18 and l.
2
Suppose -3*g + 3*s = -31 - 26, -4*s + 116 = 4*g. What is the greatest common divisor of g and 18?
6
Let l = 211 - 205. Let s = 129 - 81. What is the greatest common divisor of l and s?
6
Let a be 6/1 + (15 - 16). Suppose 0 = a*o + 3*c - 2*c - 5, 0 = -o - c + 1. Calculate the highest common factor of 8 and o.
1
Suppose -43 = -4*z + 6*b - 3*b, 5*z = 2*b + 52. What is the greatest common divisor of 55 and z?
5
Let j be (-4)/22 + (-4 - (-138)/33). Suppose -7*d + 182 = -j*d. What is the highest common factor of d and 78?
26
Suppose 4 = -5*n + r, 0 = -4*n + 5*r - 4*r - 4. Let g be (n - (-1)/1)*19. Let x = -18 - -56. Calculate the highest common divisor of g and x.
19
Suppose 61 + 84 = 2*z + 3*x, -z + 69 = 5*x. Let b = z - 49. Calculate the highest common factor of 5 and b.
5
Let i(t) = 2*t**2 + 1. Let c be i(2). Suppose 2*n = -3*d + 90 - c, -n = -d - 53. Let v be 32/3*18/8. Calculate the greatest common divisor of n and v.
24
Let s = 153 - 129. Suppose 0 = 2*r + 4*c - 63 - 57, 2*r - 120 = 3*c. What is the highest common factor of r and s?
12
Let n be (-63)/(-18)*48/14. Let x be 18/(3/(-2) + 2). Calculate the greatest common divisor of x and n.
12
Let k = 23 + -13. Let y = 139 - 55. Let g be 3 + (y/(-3))/(-4). What is the highest common factor of k and g?
10
Let t(s) = -s**2 - 34*s - 70. Let q be t(-28). Let i = -31 - -45. Calculate the greatest common factor of q and i.
14
Suppose 2*u = 29*g - 31*g + 84, 2*u = -g + 40. Let f be -1*2*(-5)/(-2). Let m be (-332)/f - (-2)/(-5). What is the highest common factor of m and g?
22
Suppose u + 94 = 113. Let n be ((-12)/4)/((-4)/((-608)/(-6))). Calculate the highest common divisor of n and u.
19
Let p = 72 - 30. Suppose 2*x + 96 = 4*w + 6*x, -4*w + 112 = -4*x. Suppose -k = 3*i - 21, -3*k + 4*i - w = -4*k. What is the greatest common divisor of k and p?
6
Let s(w) = w**3 - 62*w**2 - 67*w + 302. Let g be s(63). What is the greatest common divisor of g and 25?
25
Let o = 232 + -149. Let w = 92 - o. Calculate the greatest common factor of 72 and w.
9
Let l = 557 + -417. Calculate the greatest common divisor of l and 175.
35
Let n(w) = w**3 + 48*w**2 + 81*w + 14. Let a be n(-46). Calculate the greatest common factor of a and 60.
20
Let r be 1 - ((3 - 4) + 2) - -60. What is the greatest common divisor of 60 and r?
60
Let z be (-7)/(-1) - 37/((-111)/1410). What is the greatest common factor of z and 9?
9
Suppose -4*o = 3*n - 1397, 0 = -o - 5*n + 12 + 333. What is the highest common factor of o and 210?
70
Let y(s) = 24*s**2 + 10*s - 32. Let k be y(4). What is the highest common factor of 147 and k?
49
Let c be (54/(-24))/(-9) + (-6904)/(-32). Calculate the greatest common factor of 288 and c.
72
Suppose 5*o - 8 = 2. Let v be -9*(16/72)/(o/(-3)). What is the greatest common divisor of v and 33?
3
Let j be (-21)/(-6)*4/6*-3. Let q be j*(-48)/(-14)*-5. What is the greatest common factor of q and 15?
15
Suppose 0 = -77*j + 33*j + 24596. What is the greatest common factor of 172 and j?
43
Let n be 131/(-3)*(77/(-7) - -8). Let z be (-56)/(-10) + (-2)/(-5). Suppose z*k - 319 = n. Calculate the greatest common divisor of 30 and k.
15
Let q(g) = g**3 + 5*g**2 + 2*g + 2. Let j be ((-4)/(-10))/((-2)/(-30)). Let x be (8/j)/(2/(-3)). Let b be q(x). What is the greatest common divisor of b and 80?
10
Suppose -15*x + 171 = 21. Calculate the greatest common divisor of 490 and x.
10
Suppose 4*n + 4*b - 104 = 0, 7*n = 2*n -